{"id":98,"date":"2016-02-23T10:02:32","date_gmt":"2016-02-23T10:02:32","guid":{"rendered":"http:\/\/filologia.us.es\/?page_id=98"},"modified":"2018-07-30T11:31:35","modified_gmt":"2018-07-30T09:31:35","slug":"como-preinscribirse","status":"publish","type":"page","link":"https:\/\/filologia.us.es\/?page_id=98","title":{"rendered":"C\u00f3mo preinscribirse"},"content":{"rendered":"<h3><\/h3>\n<h3 style=\"text-align: justify;\">Procedimiento de preinscripci\u00f3n<\/h3>\n<p>Puedes encontrar toda la informaci\u00f3n en la p\u00e1gina web de la Universidad de Sevilla: \u00a0 <a href=\"http:\/\/estudiantes.us.es\/preinscripcion\">Preinscripci\u00f3n (Grado y M\u00e1ster)<\/a><\/p>\n<p>&nbsp;<\/p>\n<p>&nbsp;<\/p>\n","protected":false},"excerpt":{"rendered":"<p>Procedimiento de preinscripci\u00f3n Puedes encontrar toda la informaci\u00f3n en la p\u00e1gina web de la Universidad de Sevilla: \u00a0 Preinscripci\u00f3n (Grado y M\u00e1ster) &nbsp; &nbsp;<\/p>\n","protected":false},"author":1,"featured_media":1677,"parent":0,"menu_order":98,"comment_status":"closed","ping_status":"closed","template":"","meta":{"_acf_changed":false,"footnotes":""},"acf":[],"_links":{"self":[{"href":"https:\/\/filologia.us.es\/index.php?rest_route=\/wp\/v2\/pages\/98"}],"collection":[{"href":"https:\/\/filologia.us.es\/index.php?rest_route=\/wp\/v2\/pages"}],"about":[{"href":"https:\/\/filologia.us.es\/index.php?rest_route=\/wp\/v2\/types\/page"}],"author":[{"embeddable":true,"href":"https:\/\/filologia.us.es\/index.php?rest_route=\/wp\/v2\/users\/1"}],"replies":[{"embeddable":true,"href":"https:\/\/filologia.us.es\/index.php?rest_route=%2Fwp%2Fv2%2Fcomments&post=98"}],"version-history":[{"count":0,"href":"https:\/\/filologia.us.es\/index.php?rest_route=\/wp\/v2\/pages\/98\/revisions"}],"wp:featuredmedia":[{"embeddable":true,"href":"https:\/\/filologia.us.es\/index.php?rest_route=\/wp\/v2\/media\/1677"}],"wp:attachment":[{"href":"https:\/\/filologia.us.es\/index.php?rest_route=%2Fwp%2Fv2%2Fmedia&parent=98"}],"curies":[{"name":"wp","href":"https:\/\/api.w.org\/{rel}","templated":true}]}}