{"id":84,"date":"2016-02-23T09:49:13","date_gmt":"2016-02-23T09:49:13","guid":{"rendered":"http:\/\/filologia.us.es\/?page_id=84"},"modified":"2016-07-24T17:17:38","modified_gmt":"2016-07-24T17:17:38","slug":"la-facultad","status":"publish","type":"page","link":"https:\/\/filologia.us.es\/?page_id=84","title":{"rendered":"La Facultad"},"content":{"rendered":"<p>La Facultad de Filolog\u00eda se aloja en la antigua Real F\u00e1brica de Tabacos de Sevilla, edificio construido en la primera mitad del s. XVIII. Tiene su fachada principal por la c\/ Palos de la Frontera, en la cara sur del edificio.<\/p>\n<p>Desde 1978 sucede a la desaparecida Facultad de Filosof\u00eda y Letras, que lo ocupaba desde 1956. En la actualidad, ofrece seis grados exentos, y cuatro menciones, tres dobles grados, cuatro m\u00e1steres exentos, dos dobles m\u00e1steres y un programa de doctorado. Ofrece, adem\u00e1s, la posibilidad de obtener dobles t\u00edtulos internacionales tanto de Grado como de M\u00e1ster.<\/p>\n<p>En la Facultad de Filolog\u00eda, se ense\u00f1a y se investiga la cultura, la lengua y la literatura del alem\u00e1n, \u00e1rabe, espa\u00f1ol, franc\u00e9s, ingl\u00e9s, italiano, lat\u00edn, griego y neerland\u00e9s.<\/p>\n","protected":false},"excerpt":{"rendered":"<p>La Facultad de Filolog\u00eda se aloja en la antigua Real F\u00e1brica de Tabacos de Sevilla, edificio construido en la primera mitad del s. XVIII. Tiene su fachada principal por la c\/ Palos de la Frontera, en la cara sur del edificio. Desde 1978 sucede a la desaparecida Facultad de Filosof\u00eda y Letras, que lo ocupaba &hellip; <a href=\"https:\/\/filologia.us.es\/?page_id=84\" class=\"more-link\">Continue reading <span class=\"screen-reader-text\">La Facultad<\/span> <span class=\"meta-nav\">&raquo;<\/span><\/a><\/p>\n","protected":false},"author":1,"featured_media":1697,"parent":0,"menu_order":128,"comment_status":"closed","ping_status":"closed","template":"page-templates_siff\/page-la_facultad_child.php","meta":{"_acf_changed":false,"footnotes":""},"acf":[],"_links":{"self":[{"href":"https:\/\/filologia.us.es\/index.php?rest_route=\/wp\/v2\/pages\/84"}],"collection":[{"href":"https:\/\/filologia.us.es\/index.php?rest_route=\/wp\/v2\/pages"}],"about":[{"href":"https:\/\/filologia.us.es\/index.php?rest_route=\/wp\/v2\/types\/page"}],"author":[{"embeddable":true,"href":"https:\/\/filologia.us.es\/index.php?rest_route=\/wp\/v2\/users\/1"}],"replies":[{"embeddable":true,"href":"https:\/\/filologia.us.es\/index.php?rest_route=%2Fwp%2Fv2%2Fcomments&post=84"}],"version-history":[{"count":0,"href":"https:\/\/filologia.us.es\/index.php?rest_route=\/wp\/v2\/pages\/84\/revisions"}],"wp:featuredmedia":[{"embeddable":true,"href":"https:\/\/filologia.us.es\/index.php?rest_route=\/wp\/v2\/media\/1697"}],"wp:attachment":[{"href":"https:\/\/filologia.us.es\/index.php?rest_route=%2Fwp%2Fv2%2Fmedia&parent=84"}],"curies":[{"name":"wp","href":"https:\/\/api.w.org\/{rel}","templated":true}]}}

<p>La Facultad de Filología se aloja en la antigua Real Fábrica de Tabacos de Sevilla, edificio construido en la primera mitad del s. XVIII. Tiene su fachada principal por la c/ Palos de la Frontera, en la cara sur del edificio.</p>
<p>Desde 1978 sucede a la desaparecida Facultad de Filosofía y Letras, que lo ocupaba desde 1956. En la actualidad, ofrece seis grados exentos, y cuatro menciones, tres dobles grados, cuatro másteres exentos, dos dobles másteres y un programa de doctorado. Ofrece, además, la posibilidad de obtener dobles títulos internacionales tanto de Grado como de Máster.</p>
<p>En la Facultad de Filología, se enseña y se investiga la cultura, la lengua y la literatura del alemán, árabe, español, francés, inglés, italiano, latín, griego y neerlandés.</p>

<p>La Facultad de Filología se aloja en la antigua Real Fábrica de Tabacos de Sevilla, edificio construido en la primera mitad del s. XVIII. Tiene su fachada principal por la c/ Palos de la Frontera, en la cara sur del edificio. Desde 1978 sucede a la desaparecida Facultad de Filosofía y Letras, que lo ocupaba &hellip; <a href="https://filologia.us.es/?page_id=84" class="more-link">Continue reading <span class="screen-reader-text">La Facultad</span> <span class="meta-nav">&raquo;</span></a></p>
