{"id":644,"date":"2016-02-29T05:36:09","date_gmt":"2016-02-29T05:36:09","guid":{"rendered":"http:\/\/filologia.us.es\/?page_id=644"},"modified":"2019-02-14T11:11:08","modified_gmt":"2019-02-14T10:11:08","slug":"ubicacion","status":"publish","type":"page","link":"https:\/\/filologia.us.es\/?page_id=644","title":{"rendered":"Ubicaci\u00f3n"},"content":{"rendered":"<h6 style=\"text-align: justify;\"><strong>Datos de contacto<\/strong><\/h6>\n<p style=\"text-align: justify;\">Facultad de Filolog\u00eda.\u00a0 c\/ Palos de la Frontera s\/n.\u00a0 41004 Sevilla<br \/>\nTel. 954 55 14 90<\/p>\n<h6><strong>C\u00f3mo llegar<\/strong><\/h6>\n<p style=\"text-align: justify;\">La Facultad de Filolog\u00eda se encuenttra en el centro hist\u00f3rico de la ciudad de Sevilla, en lo que era la antigua F\u00e1brica de Tabacos. Se puede acceder a ella recorriendo a pie la c\/ San Fernando, entrando por la fachada principal (norte) y cruzando los dos patios. Tambi\u00e9n se accede a ella, a pie o en veh\u00edculo a motor autorizado,\u00a0 entrando por la fachada sur (c\/ Palos de la Frontera), que es donde se ubica la Conserjer\u00eda.<\/p>\n<p style=\"text-align: justify;\">Transporte p\u00fablico. Las l\u00edneas de autobuses con las paradas m\u00e1s cercanas son la C1, C2, C3, C4 y la 5. Cualquier otra l\u00ednea con parada en Puerta de Jerez, Casino de la Exposici\u00f3n\/Lope de Vega o en el Prado de San Sebasti\u00e1n tambi\u00e9n es apropiada. Las paradas de metro m\u00e1s cercanas son Puerta Jerez y Prado de San Sebasti\u00e1n. <a href=\"#\"> TUSSAM (Transportes Urbanos de Sevilla, Sociedad An\u00f3nima Municipal)<\/a> El Metro Centro tiene una parada en la Calle San Fernando. <a href=\"#\"> Metro de Sevilla<\/a><\/p>\n","protected":false},"excerpt":{"rendered":"<p>Datos de contacto Facultad de Filolog\u00eda.\u00a0 c\/ Palos de la Frontera s\/n.\u00a0 41004 Sevilla Tel. 954 55 14 90 C\u00f3mo llegar La Facultad de Filolog\u00eda se encuenttra en el centro hist\u00f3rico de la ciudad de Sevilla, en lo que era la antigua F\u00e1brica de Tabacos. Se puede acceder a ella recorriendo a pie la c\/ &hellip; <a href=\"https:\/\/filologia.us.es\/?page_id=644\" class=\"more-link\">Continue reading <span class=\"screen-reader-text\">Ubicaci\u00f3n<\/span> <span class=\"meta-nav\">&raquo;<\/span><\/a><\/p>\n","protected":false},"author":1,"featured_media":1699,"parent":84,"menu_order":167,"comment_status":"closed","ping_status":"closed","template":"page-templates_siff\/page-la_facultad_child.php","meta":{"_acf_changed":false,"footnotes":""},"acf":[],"_links":{"self":[{"href":"https:\/\/filologia.us.es\/index.php?rest_route=\/wp\/v2\/pages\/644"}],"collection":[{"href":"https:\/\/filologia.us.es\/index.php?rest_route=\/wp\/v2\/pages"}],"about":[{"href":"https:\/\/filologia.us.es\/index.php?rest_route=\/wp\/v2\/types\/page"}],"author":[{"embeddable":true,"href":"https:\/\/filologia.us.es\/index.php?rest_route=\/wp\/v2\/users\/1"}],"replies":[{"embeddable":true,"href":"https:\/\/filologia.us.es\/index.php?rest_route=%2Fwp%2Fv2%2Fcomments&post=644"}],"version-history":[{"count":0,"href":"https:\/\/filologia.us.es\/index.php?rest_route=\/wp\/v2\/pages\/644\/revisions"}],"up":[{"embeddable":true,"href":"https:\/\/filologia.us.es\/index.php?rest_route=\/wp\/v2\/pages\/84"}],"wp:featuredmedia":[{"embeddable":true,"href":"https:\/\/filologia.us.es\/index.php?rest_route=\/wp\/v2\/media\/1699"}],"wp:attachment":[{"href":"https:\/\/filologia.us.es\/index.php?rest_route=%2Fwp%2Fv2%2Fmedia&parent=644"}],"curies":[{"name":"wp","href":"https:\/\/api.w.org\/{rel}","templated":true}]}}