{"id":620,"date":"2016-02-29T05:16:10","date_gmt":"2016-02-29T05:16:10","guid":{"rendered":"http:\/\/filologia.us.es\/?page_id=620"},"modified":"2024-01-22T12:50:33","modified_gmt":"2024-01-22T11:50:33","slug":"acuerdos-nombramientos-e-informes-recientes","status":"publish","type":"page","link":"https:\/\/filologia.us.es\/?page_id=620","title":{"rendered":"Acuerdos, nombramientos e informes recientes"},"content":{"rendered":"<p style=\"text-align: justify;\">Esta secci\u00f3n contiene la relaci\u00f3n hist\u00f3rica de acuerdos y nombramientos aprobados, as\u00ed como los &nbsp;informes generales presentados en sesiones de la Junta de Centro de la Facultad de Filolog\u00eda desde noviembre de 2013. Aparecen agrupados tem\u00e1ticamente para facilitar&nbsp;su localizaci\u00f3n.<\/p>\n","protected":false},"excerpt":{"rendered":"<p>Esta secci\u00f3n contiene la relaci\u00f3n hist\u00f3rica de acuerdos y nombramientos aprobados, as\u00ed como los &nbsp;informes generales presentados en sesiones de la Junta de Centro de la Facultad de Filolog\u00eda desde noviembre de 2013. Aparecen agrupados tem\u00e1ticamente para facilitar&nbsp;su localizaci\u00f3n.<\/p>\n","protected":false},"author":1,"featured_media":1679,"parent":617,"menu_order":132,"comment_status":"closed","ping_status":"closed","template":"page-templates_siff\/page-la_facultad_child.php","meta":{"_acf_changed":false,"footnotes":""},"acf":[],"_links":{"self":[{"href":"https:\/\/filologia.us.es\/index.php?rest_route=\/wp\/v2\/pages\/620"}],"collection":[{"href":"https:\/\/filologia.us.es\/index.php?rest_route=\/wp\/v2\/pages"}],"about":[{"href":"https:\/\/filologia.us.es\/index.php?rest_route=\/wp\/v2\/types\/page"}],"author":[{"embeddable":true,"href":"https:\/\/filologia.us.es\/index.php?rest_route=\/wp\/v2\/users\/1"}],"replies":[{"embeddable":true,"href":"https:\/\/filologia.us.es\/index.php?rest_route=%2Fwp%2Fv2%2Fcomments&post=620"}],"version-history":[{"count":2,"href":"https:\/\/filologia.us.es\/index.php?rest_route=\/wp\/v2\/pages\/620\/revisions"}],"predecessor-version":[{"id":15245,"href":"https:\/\/filologia.us.es\/index.php?rest_route=\/wp\/v2\/pages\/620\/revisions\/15245"}],"up":[{"embeddable":true,"href":"https:\/\/filologia.us.es\/index.php?rest_route=\/wp\/v2\/pages\/617"}],"wp:featuredmedia":[{"embeddable":true,"href":"https:\/\/filologia.us.es\/index.php?rest_route=\/wp\/v2\/media\/1679"}],"wp:attachment":[{"href":"https:\/\/filologia.us.es\/index.php?rest_route=%2Fwp%2Fv2%2Fmedia&parent=620"}],"curies":[{"name":"wp","href":"https:\/\/api.w.org\/{rel}","templated":true}]}}

<p style="text-align: justify;">Esta sección contiene la relación histórica de acuerdos y nombramientos aprobados, así como los &nbsp;informes generales presentados en sesiones de la Junta de Centro de la Facultad de Filología desde noviembre de 2013. Aparecen agrupados temáticamente para facilitar&nbsp;su localización.</p>

<p>Esta sección contiene la relación histórica de acuerdos y nombramientos aprobados, así como los &nbsp;informes generales presentados en sesiones de la Junta de Centro de la Facultad de Filología desde noviembre de 2013. Aparecen agrupados temáticamente para facilitar&nbsp;su localización.</p>
