{"id":3623,"date":"2016-10-16T04:40:54","date_gmt":"2016-10-16T04:40:54","guid":{"rendered":"http:\/\/filologia.us.es\/?page_id=3623"},"modified":"2021-02-05T13:35:05","modified_gmt":"2021-02-05T12:35:05","slug":"grado-filologia-hispanica-mencion-italiano","status":"publish","type":"page","link":"https:\/\/filologia.us.es\/?page_id=3623","title":{"rendered":"Grado en Filolog\u00eda Hisp\u00e1nica con menci\u00f3n en Italiano"},"content":{"rendered":"<h3>Informaci\u00f3n espec\u00edfica<\/h3>\n<p>&nbsp;<\/p>\n","protected":false},"excerpt":{"rendered":"<p>Informaci\u00f3n espec\u00edfica &nbsp;<\/p>\n","protected":false},"author":9,"featured_media":0,"parent":0,"menu_order":65,"comment_status":"closed","ping_status":"closed","template":"","meta":{"_acf_changed":false,"footnotes":""},"acf":[],"_links":{"self":[{"href":"https:\/\/filologia.us.es\/index.php?rest_route=\/wp\/v2\/pages\/3623"}],"collection":[{"href":"https:\/\/filologia.us.es\/index.php?rest_route=\/wp\/v2\/pages"}],"about":[{"href":"https:\/\/filologia.us.es\/index.php?rest_route=\/wp\/v2\/types\/page"}],"author":[{"embeddable":true,"href":"https:\/\/filologia.us.es\/index.php?rest_route=\/wp\/v2\/users\/9"}],"replies":[{"embeddable":true,"href":"https:\/\/filologia.us.es\/index.php?rest_route=%2Fwp%2Fv2%2Fcomments&post=3623"}],"version-history":[{"count":1,"href":"https:\/\/filologia.us.es\/index.php?rest_route=\/wp\/v2\/pages\/3623\/revisions"}],"predecessor-version":[{"id":15233,"href":"https:\/\/filologia.us.es\/index.php?rest_route=\/wp\/v2\/pages\/3623\/revisions\/15233"}],"wp:attachment":[{"href":"https:\/\/filologia.us.es\/index.php?rest_route=%2Fwp%2Fv2%2Fmedia&parent=3623"}],"curies":[{"name":"wp","href":"https:\/\/api.w.org\/{rel}","templated":true}]}}