{"id":3602,"date":"2016-10-16T04:23:45","date_gmt":"2016-10-16T04:23:45","guid":{"rendered":"http:\/\/filologia.us.es\/?page_id=3602"},"modified":"2020-07-31T12:42:09","modified_gmt":"2020-07-31T10:42:09","slug":"grado-mencion-italiano-estudios-italianos","status":"publish","type":"page","link":"https:\/\/filologia.us.es\/?page_id=3602","title":{"rendered":"Grado y Doble Grado con menci\u00f3n en Italiano y en Estudios Italianos"},"content":{"rendered":"<h3>Informaci\u00f3n general<\/h3>\n<p>&nbsp;<\/p>\n<p style=\"text-align: justify;\">La Menci\u00f3n consiste en la creaci\u00f3n de un segundo itinerario en los <strong>Grados en Lengua y Literatura Alemanas<\/strong>, en <strong>Filolog\u00eda Griega y Latina<\/strong>, en <strong>Estudios&nbsp;\u00c1rabes e Isl\u00e1micos<\/strong> y en <strong>Filolog\u00eda Hisp\u00e1nica<\/strong>, al margen del tradicional Grado exento, en el que los contenidos propios, combinados con otros de <strong>Filologi\u0301a Italiana<\/strong>, propician&nbsp;el reconocimiento de una \u201cMencio\u0301n\u201d en el ti\u0301tulo, sin que ello suponga incremento de tasas ni de de la duraci\u00f3n de los estudios&nbsp;para la obtencio\u0301n del mismo. Con esta medida se atiende a la&nbsp;ampliacio\u0301n de competencias filolo\u0301gicas y lingu\u0308i\u0301sticas demandada por el alumnado.<\/p>\n<p style=\"text-align: justify;\">Existen dos modalidades de menci\u00f3n: la <strong>Menci\u00f3n en Estudios Italianos<\/strong> y la <strong>Menci\u00f3n en Italiano<\/strong>.<\/p>\n","protected":false},"excerpt":{"rendered":"<p>Informaci\u00f3n general &nbsp; La Menci\u00f3n consiste en la creaci\u00f3n de un segundo itinerario en los Grados en Lengua y Literatura Alemanas, en Filolog\u00eda Griega y Latina, en Estudios&nbsp;\u00c1rabes e Isl\u00e1micos y en Filolog\u00eda Hisp\u00e1nica, al margen del tradicional Grado exento, en el que los contenidos propios, combinados con otros de Filologi\u0301a Italiana, propician&nbsp;el reconocimiento de &hellip; <a href=\"https:\/\/filologia.us.es\/?page_id=3602\" class=\"more-link\">Continue reading <span class=\"screen-reader-text\">Grado y Doble Grado con menci\u00f3n en Italiano y en Estudios Italianos<\/span> <span class=\"meta-nav\">&raquo;<\/span><\/a><\/p>\n","protected":false},"author":9,"featured_media":0,"parent":0,"menu_order":72,"comment_status":"closed","ping_status":"closed","template":"","meta":{"_acf_changed":false,"footnotes":""},"acf":[],"_links":{"self":[{"href":"https:\/\/filologia.us.es\/index.php?rest_route=\/wp\/v2\/pages\/3602"}],"collection":[{"href":"https:\/\/filologia.us.es\/index.php?rest_route=\/wp\/v2\/pages"}],"about":[{"href":"https:\/\/filologia.us.es\/index.php?rest_route=\/wp\/v2\/types\/page"}],"author":[{"embeddable":true,"href":"https:\/\/filologia.us.es\/index.php?rest_route=\/wp\/v2\/users\/9"}],"replies":[{"embeddable":true,"href":"https:\/\/filologia.us.es\/index.php?rest_route=%2Fwp%2Fv2%2Fcomments&post=3602"}],"version-history":[{"count":1,"href":"https:\/\/filologia.us.es\/index.php?rest_route=\/wp\/v2\/pages\/3602\/revisions"}],"predecessor-version":[{"id":15214,"href":"https:\/\/filologia.us.es\/index.php?rest_route=\/wp\/v2\/pages\/3602\/revisions\/15214"}],"wp:attachment":[{"href":"https:\/\/filologia.us.es\/index.php?rest_route=%2Fwp%2Fv2%2Fmedia&parent=3602"}],"curies":[{"name":"wp","href":"https:\/\/api.w.org\/{rel}","templated":true}]}}

Grado y Doble Grado con mención en Italiano y en Estudios Italianos

<h3>Información general</h3>
<p>&nbsp;</p>
<p style="text-align: justify;">La Mención consiste en la creación de un segundo itinerario en los <strong>Grados en Lengua y Literatura Alemanas</strong>, en <strong>Filología Griega y Latina</strong>, en <strong>Estudios&nbsp;Árabes e Islámicos</strong> y en <strong>Filología Hispánica</strong>, al margen del tradicional Grado exento, en el que los contenidos propios, combinados con otros de <strong>Filología Italiana</strong>, propician&nbsp;el reconocimiento de una “Mención” en el título, sin que ello suponga incremento de tasas ni de de la duración de los estudios&nbsp;para la obtención del mismo. Con esta medida se atiende a la&nbsp;ampliación de competencias filológicas y lingüísticas demandada por el alumnado.</p>
<p style="text-align: justify;">Existen dos modalidades de mención: la <strong>Mención en Estudios Italianos</strong> y la <strong>Mención en Italiano</strong>.</p>

<p>Información general &nbsp; La Mención consiste en la creación de un segundo itinerario en los Grados en Lengua y Literatura Alemanas, en Filología Griega y Latina, en Estudios&nbsp;Árabes e Islámicos y en Filología Hispánica, al margen del tradicional Grado exento, en el que los contenidos propios, combinados con otros de Filología Italiana, propician&nbsp;el reconocimiento de &hellip; <a href="https://filologia.us.es/?page_id=3602" class="more-link">Continue reading <span class="screen-reader-text">Grado y Doble Grado con mención en Italiano y en Estudios Italianos</span> <span class="meta-nav">&raquo;</span></a></p>
