{"id":274,"date":"2016-02-23T11:41:53","date_gmt":"2016-02-23T11:41:53","guid":{"rendered":"http:\/\/filologia.us.es\/?page_id=274"},"modified":"2016-10-10T19:17:48","modified_gmt":"2016-10-10T19:17:48","slug":"politica-de-privacidad","status":"publish","type":"page","link":"https:\/\/filologia.us.es\/?page_id=274","title":{"rendered":"Politica de privacidad"},"content":{"rendered":"<p style=\"text-align: justify;\">La FACULTAD DE FILOLOG\u00cdA DE SEVILLA pone en conocimiento de los usuarios de este sitio que podr\u00e1 crear un archivo automatizado con los datos personales que sean facilitados a la misma como consecuencia de la utilizaci\u00f3n del presente sitio web y en estricto cumplimiento con lo preceptuado en la legislaci\u00f3n en materia de protecci\u00f3n de datos.<br \/>\nLos usuarios garantizan la veracidad y autenticidad de las informaciones y datos que comuniquen en virtud de la utilizaci\u00f3n de este sitio web. En este sentido, ser\u00e1 de obligaci\u00f3n de los usuarios el mantener actualizados las informaciones y datos de forma tal que correspondan a la realidad en cada momento. Cualquier manifestaci\u00f3n falsa o inexacta que se produzca como consecuencia de las informaciones y datos manifestados as\u00ed como los perjuicios que tal informaci\u00f3n pudiera causar ser\u00e1 responsabilidad de los usuarios.<br \/>\nEn cumplimiento de lo dispuesto en la Ley Org\u00e1nica 15\/99, de 13 de diciembre, de Protecci\u00f3n de Datos de Car\u00e1cter Personal, se informa que los datos de car\u00e1cter personal ser\u00e1n recopilados y archivados en un fichero de datos cuyo responsable es la Gerencia de la UNIVERSIDAD DE SEVILLA.<br \/>\nLos usuarios podr\u00e1n ejercitar, en cualquier momento, los derechos de acceso, rectificaci\u00f3n, cancelaci\u00f3n y oposici\u00f3n de sus datos recopilados y archivados. El ejercicio de estos derechos deber\u00e1 efectuarse mediante comunicaci\u00f3n escrita dirigida al Gabinete Jur\u00eddico de la Universidad de Sevilla. El ejercicio de estos derechos no afectara en modo alguno al acceso a la p\u00e1gina web ni, en su caso, a la condici\u00f3n de abonado del usuario.<br \/>\nLos datos registrados podr\u00e1n ser utilizados con la finalidad de efectuar estad\u00edsticas, la remisi\u00f3n de informaci\u00f3n cient\u00edfica, la gesti\u00f3n de incidencias o la realizaci\u00f3n de estudios de mercado, adem\u00e1s de para las que expresamente se hayan recabado los datos.<br \/>\nEn su caso, los datos de car\u00e1cter personal facilitados por los usuarios podr\u00e1n ser comunicados a un tercero s\u00f3lo para el cumplimiento de los fines se\u00f1alados anteriormente, ajust\u00e1ndose a lo establecido en los art\u00edculos 11 y 21 de la Ley Org\u00e1nica 15\/1999 de Protecci\u00f3n de Datos de Car\u00e1cter Personal, recab\u00e1ndose, en todo caso, el consentimiento de los interesados cuando este sea necesario.<br \/>\nAl facilitar los datos de car\u00e1cter personal a la FACULTAD DE FILOLOG\u00cdA DE SEVILLA, los usuarios declaran aceptar plenamente y sin reservas el tratamiento de los mismos por parte de la FACULTAD DE FILOLOG\u00cdA DE SEVILLA.<br \/>\nLa FACULTAD DE FILOLOG\u00cdA DE SEVILLA se compromete a cumplir con la obligaci\u00f3n de guardar secreto respecto de los datos de car\u00e1cter personal objeto de tratamiento y declara su intenci\u00f3n de poner en pr\u00e1ctica las medidas de \u00edndole t\u00e9cnica y organizativas necesarias para garantizar la seguridad de los datos de car\u00e1cter personal y evitar su alteraci\u00f3n, p\u00e9rdida, tratamiento o acceso no autorizado, habida cuenta del estado de la tecnolog\u00eda, la naturaleza de los datos almacenados y los riesgos a que est\u00e1n expuestos, ya provengan de la acci\u00f3n humana o del medio f\u00edsico o natural.<br \/>\nLa vulneraci\u00f3n de lo previsto en las presentes condiciones de uso en cuanto a la protecci\u00f3n de datos de car\u00e1cter personal y, en general, de lo regulado en la Ley Org\u00e1nica 5\/1999, de Protecci\u00f3n de Datos de Car\u00e1cter Personal, y en el Real Decreto 1720\/2007, por el que se aprueba el Reglamento de desarrollo de dicha Ley Org\u00e1nica, dar\u00e1 lugar a la presentaci\u00f3n de la correspondiente denuncia ante la Agencia Espa\u00f1ola de Protecci\u00f3n de Datos, as\u00ed como a la incoaci\u00f3n de los procedimientos pertinentes si los responsables de la infracci\u00f3n pertenecieran a la Universidad de Sevilla.<\/p>\n","protected":false},"excerpt":{"rendered":"<p>La FACULTAD DE FILOLOG\u00cdA DE SEVILLA pone en conocimiento de los usuarios de este sitio que podr\u00e1 crear un archivo automatizado con los datos personales que sean facilitados a la misma como consecuencia de la utilizaci\u00f3n del presente sitio web y en estricto cumplimiento con lo preceptuado en la legislaci\u00f3n en materia de protecci\u00f3n de &hellip; <a href=\"https:\/\/filologia.us.es\/?page_id=274\" class=\"more-link\">Continue reading <span class=\"screen-reader-text\">Politica de privacidad<\/span> <span class=\"meta-nav\">&raquo;<\/span><\/a><\/p>\n","protected":false},"author":1,"featured_media":1682,"parent":0,"menu_order":155,"comment_status":"closed","ping_status":"closed","template":"","meta":{"_acf_changed":false,"footnotes":""},"acf":[],"_links":{"self":[{"href":"https:\/\/filologia.us.es\/index.php?rest_route=\/wp\/v2\/pages\/274"}],"collection":[{"href":"https:\/\/filologia.us.es\/index.php?rest_route=\/wp\/v2\/pages"}],"about":[{"href":"https:\/\/filologia.us.es\/index.php?rest_route=\/wp\/v2\/types\/page"}],"author":[{"embeddable":true,"href":"https:\/\/filologia.us.es\/index.php?rest_route=\/wp\/v2\/users\/1"}],"replies":[{"embeddable":true,"href":"https:\/\/filologia.us.es\/index.php?rest_route=%2Fwp%2Fv2%2Fcomments&post=274"}],"version-history":[{"count":0,"href":"https:\/\/filologia.us.es\/index.php?rest_route=\/wp\/v2\/pages\/274\/revisions"}],"wp:featuredmedia":[{"embeddable":true,"href":"https:\/\/filologia.us.es\/index.php?rest_route=\/wp\/v2\/media\/1682"}],"wp:attachment":[{"href":"https:\/\/filologia.us.es\/index.php?rest_route=%2Fwp%2Fv2%2Fmedia&parent=274"}],"curies":[{"name":"wp","href":"https:\/\/api.w.org\/{rel}","templated":true}]}}