{"id":22635,"date":"2025-06-12T13:38:25","date_gmt":"2025-06-12T11:38:25","guid":{"rendered":"https:\/\/filologia.us.es\/?page_id=22635"},"modified":"2025-06-12T13:40:45","modified_gmt":"2025-06-12T11:40:45","slug":"secretaria_","status":"publish","type":"page","link":"https:\/\/filologia.us.es\/?page_id=22635","title":{"rendered":"Secretar\u00eda_"},"content":{"rendered":"<p>1.- Informaci\u00f3n y cita previa.<\/p>\n<ul>\n<li>Datos de ubicaci\u00f3n<\/li>\n<li>Enlace a aplicaci\u00f3n cita previa.\n<ul>\n<li>Citas diarias (Ordenador en la antesala para citas diarias)<\/li>\n<li>Horario de atenci\u00f3n general y per\u00edodos especiales<\/li>\n<\/ul>\n<\/li>\n<\/ul>\n<p>2.- Solicitudes<\/p>\n<ul>\n<li>A trav\u00e9s de sede electr\u00f3nica (enlace)<\/li>\n<li>Por razones o caracter\u00edsticas del alumnado\n<ul>\n<li>Registro General (enlace y c\u00f3digo de la Facultad)<\/li>\n<li>Presencial a trav\u00e9s de cita previa<\/li>\n<\/ul>\n<\/li>\n<\/ul>\n<p>3.- Notificaciones<\/p>\n<ul>\n<li>Breve resumen de Administraci\u00f3n Electr\u00f3nica<\/li>\n<\/ul>\n<p>4.- Directorio<\/p>\n<ul>\n<li>Enlace a Directorio de la Facultad apartado Secretar\u00eda<\/li>\n<\/ul>\n<p>5.- Acceso a los estudios<\/p>\n<ul>\n<li>Consulta la Oferta Acad\u00e9mica (enlace)<\/li>\n<li>Preinscripci\u00f3n\n<ul>\n<li>Enlace a DUA<\/li>\n<li>Informaci\u00f3n en CAT<\/li>\n<li>Consultas en accesomaster@us.es o accesogrados@us.es<\/li>\n<\/ul>\n<\/li>\n<li>Admisi\u00f3n para iniciar o continuar estudios (Traslado de expedientes<br \/>\nentrantes)<\/li>\n<li>Reanudaci\u00f3n de estudios<\/li>\n<li>Adaptaci\u00f3n<\/li>\n<li>Alumnos visitantes<\/li>\n<\/ul>\n<p>6.- Matr\u00edcula<\/p>\n<ul>\n<li>Antes de realizar tu matr\u00edcula consulta las Hojas Informativas de<br \/>\nMatr\u00edcula (Aqu\u00ed colgamos las hojas informativas)<\/li>\n<li>Normativa de matr\u00edcula.\n<ul>\n<li>Especial atenci\u00f3n al abono de la matr\u00edcula, deducciones, bonificaciones<br \/>\ny exenciones<\/li>\n<li>Anulaciones de matr\u00edcula.\n<ul>\n<li>Breve resumen de los distintos tipos de anulaci\u00f3n<\/li>\n<li>Impago<\/li>\n<\/ul>\n<\/li>\n<\/ul>\n<\/li>\n<li>Alumnos de Nuevo Ingreso procedentes de preinscripci\u00f3n\n<ul>\n<li>Automatr\u00edcula en el plazo indicado en admisi\u00f3n<\/li>\n<li>Aviso importante: Elige tu horario (enlace a Docencia) y comprueba los<br \/>\ngrupos en los que te has matriculado<\/li>\n<\/ul>\n<\/li>\n<li>Alumnos que contin\u00faan sus estudios\n<ul>\n<li>Acceso escalonado: (colgar documento, cartel y preguntas frecuentes)<\/li>\n<\/ul>\n<\/li>\n<li>Alumnos excluidos de la automatr\u00edcula\n<ul>\n<li>Solicitud de matr\u00edcula presencial del 1 al 5 de septiembre de 2025<br \/>\nenviando correo para cita previa en filologia@us.es<\/li>\n<li>Excluidos:\n<ul>\n<li>Admisi\u00f3n o continuaci\u00f3n de estudios<\/li>\n<li>Reanudaci\u00f3n de estudios<\/li>\n<li>Adaptaci\u00f3n de estudios<\/li>\n<li>Alumnos visitantes<\/li>\n<li>Alumnos con necesidades especiales (matriculan menos de 30 cr\u00e9ditos)<\/li>\n<li>Tasas de TFM (alumnos que comparecen a la segunda convocatoria<br \/>\nextendida)<\/li>\n<\/ul>\n<\/li>\n<\/ul>\n<\/li>\n<li>Ampliaci\u00f3n de matr\u00edcula:\n<ul>\n<li>Plazo y requisitos<\/li>\n<li>Informaci\u00f3n para cambios de optativas de asignaturas matriculadas en el<br \/>\nper\u00edodo ordinario<\/li>\n<\/ul>\n<\/li>\n<\/ul>\n<p>7.- Grupos y cambios de grupo<\/p>\n<ul>\n<li>Solicitud por Registro General (enlace)<\/li>\n<li>Plazo: 1 al 19 de septiembre de 2025, 2 al 6 de febrero de 2026<\/li>\n<li>Informaci\u00f3n de Junta de Centro sobre cambios de grupo<\/li>\n<li>Alumnos con necesidades especiales<\/li>\n<\/ul>\n<p>8.- Reconocimientos de cr\u00e9dito, transferencias y adaptaciones (Luis)<\/p>\n<p>9.- Trabajo Fin de Estudios<\/p>\n<ul>\n<li>TFG<\/li>\n<li>TFM<\/li>\n<\/ul>\n<p>10.- Certificados y T\u00edtulos<\/p>\n<ul>\n<li>Certificados:\n<ul>\n<li>A trav\u00e9s de la sede electr\u00f3nica (enlace). Alumnos que no pueden acceder<br \/>\ncorreo electr\u00f3nico a filologia7@us.es<\/li>\n<\/ul>\n<\/li>\n<li>T\u00edtulos:\n<ul>\n<li>A trav\u00e9s de la sede electr\u00f3nica (enlace). Alumnos que no puedan acceder<br \/>\ncorreo electr\u00f3nico a filologia6@us.es<\/li>\n<\/ul>\n<\/li>\n<li>Traslado de expedientes salientes.\n<ul>\n<li>A trav\u00e9s de la sede electr\u00f3nica (enlace). Alumnos que no puedan acceder<br \/>\ncorreo electr\u00f3nico a filologia3@us.es<\/li>\n<\/ul>\n<\/li>\n<\/ul>\n<p>11.- Premios:<\/p>\n<ul>\n<li>Ayuntamiento de Sevilla<\/li>\n<li>Premios Maestranza<\/li>\n<li>Legado Jos\u00e9 Vallejo<\/li>\n<li>Premio Extraordinario Fin de Estudios<\/li>\n<\/ul>\n<p>&nbsp;<\/p>\n<p>&nbsp;<\/p>\n<p>MODIFICACIONES EN OTROS MENUS<\/p>\n<p>Tendr\u00edamos que modificar algunos men\u00fas en los que aparece informaci\u00f3n que<br \/>\nya est\u00e1 en la Secretar\u00eda o que no aparece en ning\u00fan lado.<\/p>\n<p>1. Movilidad: Eliminar\u00edamos el apartado de alumnos visitantes<\/p>\n<p>2. Docencia<\/p>\n<p>a. Informaci\u00f3n sobre TFE mediante enlace a Secretar\u00eda<\/p>\n<p>b. A\u00f1adir Actas (Calendario de apertura y cierre de actas). Insistir en<br \/>\ncierre de actas en plazo<\/p>\n<p>c. A\u00f1adir los programas de asignaturas<\/p>\n<p>3. Estudiantes<\/p>\n<p>a. Eliminar apartado de Si no est\u00e1s matriculado y Si ya est\u00e1s matriculado<\/p>\n<p>b. Estudiantes Visitantes: Eliminar o enlace a Secretar\u00eda<\/p>\n","protected":false},"excerpt":{"rendered":"<p>1.- Informaci\u00f3n y cita previa. Datos de ubicaci\u00f3n Enlace a aplicaci\u00f3n cita previa. Citas diarias (Ordenador en la antesala para citas diarias) Horario de atenci\u00f3n general y per\u00edodos especiales 2.- Solicitudes A trav\u00e9s de sede electr\u00f3nica (enlace) Por razones o caracter\u00edsticas del alumnado Registro General (enlace y c\u00f3digo de la Facultad) Presencial a trav\u00e9s de &hellip; <a href=\"https:\/\/filologia.us.es\/?page_id=22635\" class=\"more-link\">Continue reading <span class=\"screen-reader-text\">Secretar\u00eda_<\/span> <span class=\"meta-nav\">&raquo;<\/span><\/a><\/p>\n","protected":false},"author":10,"featured_media":0,"parent":0,"menu_order":3,"comment_status":"closed","ping_status":"closed","template":"page-templates_siff\/page-la_facultad_child.php","meta":{"_acf_changed":false,"footnotes":""},"acf":[],"_links":{"self":[{"href":"https:\/\/filologia.us.es\/index.php?rest_route=\/wp\/v2\/pages\/22635"}],"collection":[{"href":"https:\/\/filologia.us.es\/index.php?rest_route=\/wp\/v2\/pages"}],"about":[{"href":"https:\/\/filologia.us.es\/index.php?rest_route=\/wp\/v2\/types\/page"}],"author":[{"embeddable":true,"href":"https:\/\/filologia.us.es\/index.php?rest_route=\/wp\/v2\/users\/10"}],"replies":[{"embeddable":true,"href":"https:\/\/filologia.us.es\/index.php?rest_route=%2Fwp%2Fv2%2Fcomments&post=22635"}],"version-history":[{"count":1,"href":"https:\/\/filologia.us.es\/index.php?rest_route=\/wp\/v2\/pages\/22635\/revisions"}],"predecessor-version":[{"id":22636,"href":"https:\/\/filologia.us.es\/index.php?rest_route=\/wp\/v2\/pages\/22635\/revisions\/22636"}],"wp:attachment":[{"href":"https:\/\/filologia.us.es\/index.php?rest_route=%2Fwp%2Fv2%2Fmedia&parent=22635"}],"curies":[{"name":"wp","href":"https:\/\/api.w.org\/{rel}","templated":true}]}}