{"id":2152,"date":"2016-07-12T18:10:27","date_gmt":"2016-07-12T18:10:27","guid":{"rendered":"http:\/\/filologia.us.es\/?page_id=2152"},"modified":"2026-03-13T09:30:06","modified_gmt":"2026-03-13T08:30:06","slug":"masele-ensenanza-del-espanol-lengua-extranjera","status":"publish","type":"page","link":"https:\/\/filologia.us.es\/?page_id=2152","title":{"rendered":"MASELE"},"content":{"rendered":"<p><img loading=\"lazy\" decoding=\"async\" class=\"size-full wp-image-8065\" style=\"float: left;\" src=\"https:\/\/filologia.us.es\/wp-content\/uploads\/2017\/11\/logo-MasEle.jpeg\" alt=\"\" width=\"87\" height=\"87\" \/><\/p>\n<h3 style=\"folat: left; margin-top: 0px; margin-bottom: 1.25rem; color: #222222; font-size: 1.5rem;\">Informaci\u00f3n espec\u00edfica del M\u00e1ster Universitario en Ense\u00f1anza del Espa\u00f1ol como Lengua Extranjera y otras Lenguas Modernas (MasELE)<\/h3>\n<p>Tanto si quieres iniciarte en la investigaci\u00f3n y acceder al Doctorado como si est\u00e1s interesado en aprender a ense\u00f1ar un idioma, tu opci\u00f3n es <a href=\"https:\/\/www.us.es\/estudiar\/que-estudiar\/oferta-de-masteres\/master-universitario-en-ensenanza-del-espanol-como-lengua\">MasEle<\/a>, un t\u00edtulo oficial de la Universidad de Sevilla que te permitir\u00e1 especializarte y aprender estrategias que te ayuden en tu futuro. Esta oferta de la Facultad de Filolog\u00eda est\u00e1 avalada por la experiencia profesional de su profesorado y seis promociones de titulados. <a href=\"https:\/\/www.us.es\/estudiar\/que-estudiar\/oferta-de-masteres\/master-universitario-en-ensenanza-del-espanol-como-lengua\">MasEle<\/a> es un M\u00e1ster oficial presencial de 60 ECTS; est\u00e1 dise\u00f1ado para que puedas realizarlo en un curso acad\u00e9mico. La proyecci\u00f3n internacional del espa\u00f1ol ofrece m\u00faltiples opciones profesionales tanto en el campo de la ense\u00f1anza como en el uso de la lengua con fines espec\u00edficos. Esta es tu oportunidad. \u00a1Bienvenidos!<\/p>\n<p style=\"text-align: right;\"><a href=\"https:\/\/filologia.us.es\/wp-content\/uploads\/2023\/04\/MASELE_folleto-informativo.pdf\">Folleto informativo<\/a> &#8211; Galeria de Fotos &#8211; Calendario de preinscripci\u00f3n<\/p>\n","protected":false},"excerpt":{"rendered":"<p>Informaci\u00f3n espec\u00edfica del M\u00e1ster Universitario en Ense\u00f1anza del Espa\u00f1ol como Lengua Extranjera y otras Lenguas Modernas (MasELE) Tanto si quieres iniciarte en la investigaci\u00f3n y acceder al Doctorado como si est\u00e1s interesado en aprender a ense\u00f1ar un idioma, tu opci\u00f3n es MasEle, un t\u00edtulo oficial de la Universidad de Sevilla que te permitir\u00e1 especializarte y &hellip; <a href=\"https:\/\/filologia.us.es\/?page_id=2152\" class=\"more-link\">Continue reading <span class=\"screen-reader-text\">MASELE<\/span> <span class=\"meta-nav\">&raquo;<\/span><\/a><\/p>\n","protected":false},"author":10,"featured_media":2291,"parent":168,"menu_order":78,"comment_status":"closed","ping_status":"closed","template":"page-templates_siff\/page-listado_masteres.php","meta":{"_acf_changed":false,"footnotes":""},"acf":[],"_links":{"self":[{"href":"https:\/\/filologia.us.es\/index.php?rest_route=\/wp\/v2\/pages\/2152"}],"collection":[{"href":"https:\/\/filologia.us.es\/index.php?rest_route=\/wp\/v2\/pages"}],"about":[{"href":"https:\/\/filologia.us.es\/index.php?rest_route=\/wp\/v2\/types\/page"}],"author":[{"embeddable":true,"href":"https:\/\/filologia.us.es\/index.php?rest_route=\/wp\/v2\/users\/10"}],"replies":[{"embeddable":true,"href":"https:\/\/filologia.us.es\/index.php?rest_route=%2Fwp%2Fv2%2Fcomments&post=2152"}],"version-history":[{"count":4,"href":"https:\/\/filologia.us.es\/index.php?rest_route=\/wp\/v2\/pages\/2152\/revisions"}],"predecessor-version":[{"id":23787,"href":"https:\/\/filologia.us.es\/index.php?rest_route=\/wp\/v2\/pages\/2152\/revisions\/23787"}],"up":[{"embeddable":true,"href":"https:\/\/filologia.us.es\/index.php?rest_route=\/wp\/v2\/pages\/168"}],"wp:featuredmedia":[{"embeddable":true,"href":"https:\/\/filologia.us.es\/index.php?rest_route=\/wp\/v2\/media\/2291"}],"wp:attachment":[{"href":"https:\/\/filologia.us.es\/index.php?rest_route=%2Fwp%2Fv2%2Fmedia&parent=2152"}],"curies":[{"name":"wp","href":"https:\/\/api.w.org\/{rel}","templated":true}]}}