{"id":1925,"date":"2016-07-01T11:44:03","date_gmt":"2016-07-01T11:44:03","guid":{"rendered":"http:\/\/filologia.us.es\/?page_id=1925"},"modified":"2026-01-28T18:57:21","modified_gmt":"2026-01-28T17:57:21","slug":"estudiantes-entrantes-incoming-students","status":"publish","type":"page","link":"https:\/\/filologia.us.es\/?page_id=1925","title":{"rendered":"Estudiantes Entrantes \/ Incoming Students"},"content":{"rendered":"<h3><\/h3>\n<p>Para matricularse o realizar cambios en la matr\u00edcula del curso 2025\/26 (desde el 26 de enero al 8 de febrero de 2026 para asignaturas del primer cuatrimestre y anuales), pulse en el siguiente enlace: <a href=\"https:\/\/forms.office.com\/Pages\/ResponsePage.aspx?id=TmhK77WBHEmpjsezG-bEaewtYsqHgHhFuwwukXWuTdRURTREUkdJSTE1RVhLRUMxRjJaTjhTWThTSy4u\">Matr\u00edcula o cambio de matr\u00edcula\/Registration or change form<\/a> (los cambios, si son procedentes, ser\u00e1n visibles en la matr\u00edcula en un m\u00e1ximo de 72 horas).<\/p>\n<p><a href=\"https:\/\/filologia.us.es\/wp-content\/uploads\/2026\/01\/Erasmus-entrantes-25-26.pptx\">Presentaci\u00f3n de la sesi\u00f3n informativa Erasmus entrantes<\/a> (2025\/2026).<\/p>\n","protected":false},"excerpt":{"rendered":"<p>Para matricularse o realizar cambios en la matr\u00edcula del curso 2025\/26 (desde el 26 de enero al 8 de febrero de 2026 para asignaturas del primer cuatrimestre y anuales), pulse en el siguiente enlace: Matr\u00edcula o cambio de matr\u00edcula\/Registration or change form (los cambios, si son procedentes, ser\u00e1n visibles en la matr\u00edcula en un m\u00e1ximo &hellip; <a href=\"https:\/\/filologia.us.es\/?page_id=1925\" class=\"more-link\">Continue reading <span class=\"screen-reader-text\">Estudiantes Entrantes \/ Incoming Students<\/span> <span class=\"meta-nav\">&raquo;<\/span><\/a><\/p>\n","protected":false},"author":10,"featured_media":0,"parent":174,"menu_order":81,"comment_status":"closed","ping_status":"closed","template":"page-templates_siff\/page-movilidad_nacional_internacional_child.php","meta":{"_acf_changed":false,"footnotes":""},"acf":[],"_links":{"self":[{"href":"https:\/\/filologia.us.es\/index.php?rest_route=\/wp\/v2\/pages\/1925"}],"collection":[{"href":"https:\/\/filologia.us.es\/index.php?rest_route=\/wp\/v2\/pages"}],"about":[{"href":"https:\/\/filologia.us.es\/index.php?rest_route=\/wp\/v2\/types\/page"}],"author":[{"embeddable":true,"href":"https:\/\/filologia.us.es\/index.php?rest_route=\/wp\/v2\/users\/10"}],"replies":[{"embeddable":true,"href":"https:\/\/filologia.us.es\/index.php?rest_route=%2Fwp%2Fv2%2Fcomments&post=1925"}],"version-history":[{"count":3,"href":"https:\/\/filologia.us.es\/index.php?rest_route=\/wp\/v2\/pages\/1925\/revisions"}],"predecessor-version":[{"id":23484,"href":"https:\/\/filologia.us.es\/index.php?rest_route=\/wp\/v2\/pages\/1925\/revisions\/23484"}],"up":[{"embeddable":true,"href":"https:\/\/filologia.us.es\/index.php?rest_route=\/wp\/v2\/pages\/174"}],"wp:attachment":[{"href":"https:\/\/filologia.us.es\/index.php?rest_route=%2Fwp%2Fv2%2Fmedia&parent=1925"}],"curies":[{"name":"wp","href":"https:\/\/api.w.org\/{rel}","templated":true}]}}