{"id":17643,"date":"2022-05-10T18:33:37","date_gmt":"2022-05-10T16:33:37","guid":{"rendered":"http:\/\/filologia.us.es\/?page_id=17643"},"modified":"2025-02-18T19:54:49","modified_gmt":"2025-02-18T18:54:49","slug":"direccion","status":"publish","type":"page","link":"https:\/\/filologia.us.es\/la-facultad\/unidad-tecnica\/direccion\/","title":{"rendered":"Direcci\u00f3n de la Unidad T\u00e9cnica"},"content":{"rendered":"\r\n<ol>\r\n<li>DESCRIPCI\u00d3N: Direcci\u00f3n y coordinaci\u00f3n de los distintos puestos que conforman la Unidad T\u00e9cnica de la Facultad de Filolog\u00eda de la Universidad de Sevilla.<\/li>\r\n<li>CONTACTO: V\u00e9ase <span style=\"color: #993300;\"><em>Directores<\/em><\/span> en el apartado <a href=\"https:\/\/filologia.us.es\/la-facultad\/directorio\/#gsc.tab=0\"><em>Directorio<\/em><\/a>.<\/li>\r\n<li>OBJETIVOS: Sus funciones son la planificaci\u00f3n, coordinaci\u00f3n y seguimiento de las funciones, actividades y tareas de la Unidad T\u00e9cnicas, seg\u00fan lo descrito en el Manual de RR.HH. de la Facultad de Filolog\u00eda de la Universidad de Sevilla.<\/li>\r\n<\/ol>\r\n","protected":false},"excerpt":{"rendered":"<p>DESCRIPCI\u00d3N: Direcci\u00f3n y coordinaci\u00f3n de los distintos puestos que conforman la Unidad T\u00e9cnica de la Facultad de Filolog\u00eda de la Universidad de Sevilla. CONTACTO: V\u00e9ase Directores en el apartado Directorio. OBJETIVOS: Sus funciones son la planificaci\u00f3n, coordinaci\u00f3n y seguimiento de las funciones, actividades y tareas de la Unidad T\u00e9cnicas, seg\u00fan lo descrito en el Manual &hellip; <a href=\"https:\/\/filologia.us.es\/la-facultad\/unidad-tecnica\/direccion\/\" class=\"more-link\">Continue reading <span class=\"screen-reader-text\">Direcci\u00f3n de la Unidad T\u00e9cnica<\/span> <span class=\"meta-nav\">&raquo;<\/span><\/a><\/p>\n","protected":false},"author":10,"featured_media":0,"parent":634,"menu_order":32,"comment_status":"closed","ping_status":"closed","template":"","meta":{"_acf_changed":false,"footnotes":""},"acf":[],"_links":{"self":[{"href":"https:\/\/filologia.us.es\/wp-json\/wp\/v2\/pages\/17643"}],"collection":[{"href":"https:\/\/filologia.us.es\/wp-json\/wp\/v2\/pages"}],"about":[{"href":"https:\/\/filologia.us.es\/wp-json\/wp\/v2\/types\/page"}],"author":[{"embeddable":true,"href":"https:\/\/filologia.us.es\/wp-json\/wp\/v2\/users\/10"}],"replies":[{"embeddable":true,"href":"https:\/\/filologia.us.es\/wp-json\/wp\/v2\/comments?post=17643"}],"version-history":[{"count":2,"href":"https:\/\/filologia.us.es\/wp-json\/wp\/v2\/pages\/17643\/revisions"}],"predecessor-version":[{"id":22386,"href":"https:\/\/filologia.us.es\/wp-json\/wp\/v2\/pages\/17643\/revisions\/22386"}],"up":[{"embeddable":true,"href":"https:\/\/filologia.us.es\/wp-json\/wp\/v2\/pages\/634"}],"wp:attachment":[{"href":"https:\/\/filologia.us.es\/wp-json\/wp\/v2\/media?parent=17643"}],"curies":[{"name":"wp","href":"https:\/\/api.w.org\/{rel}","templated":true}]}}