{"id":168,"date":"2016-02-23T10:12:51","date_gmt":"2016-02-23T10:12:51","guid":{"rendered":"http:\/\/filologia.us.es\/?page_id=168"},"modified":"2023-02-08T09:22:59","modified_gmt":"2023-02-08T08:22:59","slug":"master-universitario","status":"publish","type":"page","link":"https:\/\/filologia.us.es\/?page_id=168","title":{"rendered":"M\u00e1ster y Doble M\u00e1ster Universitario"},"content":{"rendered":"<h2>Informaci\u00f3n com\u00fan para los M\u00e1steres de la Facultad<\/h2>\n<p style=\"text-align: left;\">La informaci\u00f3n espec\u00edfica se encuentra pulsando en el nombre de cada M\u00e1ster bajo el desplegable <em>M\u00e1ster y Doble M\u00e1ster Universitario<\/em>. Si buscas informaci\u00f3n general de los m\u00e1steres de la US, tanto si eres estudiante espa\u00f1ol como si no, sigue el enlace del <a href=\"https:\/\/estudiantes.us.es\/faqs-master-universitario\">Vicerrectorado de Estudiantes (M\u00e1ster Universitario)<\/a>.<\/p>\n<p>Debido a la implementaci\u00f3n de la plataforma&nbsp;<a href=\"https:\/\/sevius4.us.es\/\">TERMINUS<\/a>, y a la espera de la actualizaci\u00f3n de la normativa interna del Centro, os informamos que todo lo relacionado con el dep\u00f3sito de los TFM se llevar\u00e1 a cabo a trav\u00e9s de esta plataforma.<\/p>\n<p>Se recomienda que, una vez depositado el TFM en TERMINUS, el alumno lo comunique a su tutor para que este conceda su V\u00ba B\u00ba. Sin este requisito el TFM no podr\u00e1 ser evaluado.<\/p>\n","protected":false},"excerpt":{"rendered":"<p>Informaci\u00f3n com\u00fan para los M\u00e1steres de la Facultad La informaci\u00f3n espec\u00edfica se encuentra pulsando en el nombre de cada M\u00e1ster bajo el desplegable M\u00e1ster y Doble M\u00e1ster Universitario. Si buscas informaci\u00f3n general de los m\u00e1steres de la US, tanto si eres estudiante espa\u00f1ol como si no, sigue el enlace del Vicerrectorado de Estudiantes (M\u00e1ster Universitario). &hellip; <a href=\"https:\/\/filologia.us.es\/?page_id=168\" class=\"more-link\">Continue reading <span class=\"screen-reader-text\">M\u00e1ster y Doble M\u00e1ster Universitario<\/span> <span class=\"meta-nav\">&raquo;<\/span><\/a><\/p>\n","protected":false},"author":1,"featured_media":1677,"parent":0,"menu_order":135,"comment_status":"closed","ping_status":"closed","template":"page-templates_siff\/page-listado_masteres.php","meta":{"_acf_changed":false,"footnotes":""},"acf":[],"_links":{"self":[{"href":"https:\/\/filologia.us.es\/index.php?rest_route=\/wp\/v2\/pages\/168"}],"collection":[{"href":"https:\/\/filologia.us.es\/index.php?rest_route=\/wp\/v2\/pages"}],"about":[{"href":"https:\/\/filologia.us.es\/index.php?rest_route=\/wp\/v2\/types\/page"}],"author":[{"embeddable":true,"href":"https:\/\/filologia.us.es\/index.php?rest_route=\/wp\/v2\/users\/1"}],"replies":[{"embeddable":true,"href":"https:\/\/filologia.us.es\/index.php?rest_route=%2Fwp%2Fv2%2Fcomments&post=168"}],"version-history":[{"count":2,"href":"https:\/\/filologia.us.es\/index.php?rest_route=\/wp\/v2\/pages\/168\/revisions"}],"predecessor-version":[{"id":18028,"href":"https:\/\/filologia.us.es\/index.php?rest_route=\/wp\/v2\/pages\/168\/revisions\/18028"}],"wp:featuredmedia":[{"embeddable":true,"href":"https:\/\/filologia.us.es\/index.php?rest_route=\/wp\/v2\/media\/1677"}],"wp:attachment":[{"href":"https:\/\/filologia.us.es\/index.php?rest_route=%2Fwp%2Fv2%2Fmedia&parent=168"}],"curies":[{"name":"wp","href":"https:\/\/api.w.org\/{rel}","templated":true}]}}