{"id":162,"date":"2016-02-23T10:12:01","date_gmt":"2016-02-23T10:12:01","guid":{"rendered":"http:\/\/filologia.us.es\/?page_id=162"},"modified":"2024-09-12T09:22:21","modified_gmt":"2024-09-12T07:22:21","slug":"licenciaturas-planes-extinguidos","status":"publish","type":"page","link":"https:\/\/filologia.us.es\/?page_id=162","title":{"rendered":"Licenciaturas (planes extinguidos)"},"content":{"rendered":"<p>Las Licenciaturas dejaron paso a los Grados y los estudiantes que no completaron los cr\u00e9ditos correspondientes disfrutaron de un per\u00edodo para conseguirlos.\u00a0 Aquellos que lo desearon pudieron tramitar el transvase de cr\u00e9ditos y la adaptaci\u00f3n al plan nuevo (Grados).\u00a0 En esta p\u00e1gina, encontrar\u00e1s la informaci\u00f3n necesaria para tramitar los cr\u00e9ditos seg\u00fan tu situaci\u00f3n.<\/p>\n","protected":false},"excerpt":{"rendered":"<p>Las Licenciaturas dejaron paso a los Grados y los estudiantes que no completaron los cr\u00e9ditos correspondientes disfrutaron de un per\u00edodo para conseguirlos.\u00a0 Aquellos que lo desearon pudieron tramitar el transvase de cr\u00e9ditos y la adaptaci\u00f3n al plan nuevo (Grados).\u00a0 En esta p\u00e1gina, encontrar\u00e1s la informaci\u00f3n necesaria para tramitar los cr\u00e9ditos seg\u00fan tu situaci\u00f3n.<\/p>\n","protected":false},"author":1,"featured_media":1677,"parent":0,"menu_order":134,"comment_status":"closed","ping_status":"closed","template":"","meta":{"_acf_changed":false,"footnotes":""},"acf":[],"_links":{"self":[{"href":"https:\/\/filologia.us.es\/index.php?rest_route=\/wp\/v2\/pages\/162"}],"collection":[{"href":"https:\/\/filologia.us.es\/index.php?rest_route=\/wp\/v2\/pages"}],"about":[{"href":"https:\/\/filologia.us.es\/index.php?rest_route=\/wp\/v2\/types\/page"}],"author":[{"embeddable":true,"href":"https:\/\/filologia.us.es\/index.php?rest_route=\/wp\/v2\/users\/1"}],"replies":[{"embeddable":true,"href":"https:\/\/filologia.us.es\/index.php?rest_route=%2Fwp%2Fv2%2Fcomments&post=162"}],"version-history":[{"count":2,"href":"https:\/\/filologia.us.es\/index.php?rest_route=\/wp\/v2\/pages\/162\/revisions"}],"predecessor-version":[{"id":21457,"href":"https:\/\/filologia.us.es\/index.php?rest_route=\/wp\/v2\/pages\/162\/revisions\/21457"}],"wp:featuredmedia":[{"embeddable":true,"href":"https:\/\/filologia.us.es\/index.php?rest_route=\/wp\/v2\/media\/1677"}],"wp:attachment":[{"href":"https:\/\/filologia.us.es\/index.php?rest_route=%2Fwp%2Fv2%2Fmedia&parent=162"}],"curies":[{"name":"wp","href":"https:\/\/api.w.org\/{rel}","templated":true}]}}