{"id":156,"date":"2016-02-23T10:11:19","date_gmt":"2016-02-23T10:11:19","guid":{"rendered":"http:\/\/filologia.us.es\/?page_id=156"},"modified":"2026-03-03T17:31:42","modified_gmt":"2026-03-03T16:31:42","slug":"tfg-la-facultad-filologia","status":"publish","type":"page","link":"https:\/\/filologia.us.es\/?page_id=156","title":{"rendered":"Qu\u00e9 es el TFG (descripci\u00f3n y proceso)"},"content":{"rendered":"<h2>El Trabajo de Fin de Grado en la Facultad de Filolog\u00eda<\/h2>\n<p>El TFG es la culminaci\u00f3n acad\u00e9mica del proceso de aprendizaje de cuatro a\u00f1os del estudiante del grado. Est\u00e1 definido en la normativa de la siguiente forma:<\/p>\n<p style=\"padding-left: 30px;\"><em>&#8230;consistir\u00e1 en la realizaci\u00f3n, por parte del estudiante, bajo la direcci\u00f3n de un tutor, de un proyecto, memoria o estudio sobre un tema de trabajo que le ser\u00e1 asignado, previa petici\u00f3n por parte del estudiante, y en el que desarrollar\u00e1 y aplicar\u00e1 conocimientos, capacidades y competencias adquiridos en la titulaci\u00f3n.<\/em><\/p>\n<p>Debido a la implementaci\u00f3n de la plataforma <a href=\"https:\/\/sevius4.us.es\/\">TERMINUS<\/a>, y a la espera de la actualizaci\u00f3n de la normativa interna del Centro, os informamos que todo lo relacionado con el dep\u00f3sito de los TFG se llevar\u00e1 a cabo a trav\u00e9s de esta plataforma.<\/p>\n<p>Se recomienda que, una vez depositado el TFG en TERMINUS, el alumno lo comunique a su tutor para que este conceda su V\u00ba B\u00ba. Sin este requisito el TFG no podr\u00e1 ser evaluado.<\/p>\n<p>&nbsp;<\/p>\n<p>ACTUALIZACI\u00d3N IMPORTANTE SOBRE LAS FECHAS DE DEP\u00d3SITO DE LA TERCERA CONVOCATORIA DEL CURSO 25\/26<\/p>\n<p>Se comunica a los alumnos que, debido a una incidencia en TERMINUS, el plazo de dep\u00f3sito de TFG de la tercera convocatoria del curso 25\/26 se ampl\u00eda hasta el pr\u00f3ximo <strong>lunes 20 de octubre a las 23:59<\/strong>. Se ruega a todos los estudiantes que, a partir del 17 de octubre, verifiquen si su trabajo est\u00e1 correctamente depositado en la aplicaci\u00f3n. En caso contrario, se deber\u00e1n repetir todos los pasos del proceso de dep\u00f3sito del TFG.<\/p>\n","protected":false},"excerpt":{"rendered":"<p>El Trabajo de Fin de Grado en la Facultad de Filolog\u00eda El TFG es la culminaci\u00f3n acad\u00e9mica del proceso de aprendizaje de cuatro a\u00f1os del estudiante del grado. Est\u00e1 definido en la normativa de la siguiente forma: &#8230;consistir\u00e1 en la realizaci\u00f3n, por parte del estudiante, bajo la direcci\u00f3n de un tutor, de un proyecto, memoria &hellip; <a href=\"https:\/\/filologia.us.es\/?page_id=156\" class=\"more-link\">Continue reading <span class=\"screen-reader-text\">Qu\u00e9 es el TFG (descripci\u00f3n y proceso)<\/span> <span class=\"meta-nav\">&raquo;<\/span><\/a><\/p>\n","protected":false},"author":1,"featured_media":1677,"parent":0,"menu_order":116,"comment_status":"closed","ping_status":"closed","template":"","meta":{"_acf_changed":false,"footnotes":""},"acf":[],"_links":{"self":[{"href":"https:\/\/filologia.us.es\/index.php?rest_route=\/wp\/v2\/pages\/156"}],"collection":[{"href":"https:\/\/filologia.us.es\/index.php?rest_route=\/wp\/v2\/pages"}],"about":[{"href":"https:\/\/filologia.us.es\/index.php?rest_route=\/wp\/v2\/types\/page"}],"author":[{"embeddable":true,"href":"https:\/\/filologia.us.es\/index.php?rest_route=\/wp\/v2\/users\/1"}],"replies":[{"embeddable":true,"href":"https:\/\/filologia.us.es\/index.php?rest_route=%2Fwp%2Fv2%2Fcomments&post=156"}],"version-history":[{"count":4,"href":"https:\/\/filologia.us.es\/index.php?rest_route=\/wp\/v2\/pages\/156\/revisions"}],"predecessor-version":[{"id":23719,"href":"https:\/\/filologia.us.es\/index.php?rest_route=\/wp\/v2\/pages\/156\/revisions\/23719"}],"wp:featuredmedia":[{"embeddable":true,"href":"https:\/\/filologia.us.es\/index.php?rest_route=\/wp\/v2\/media\/1677"}],"wp:attachment":[{"href":"https:\/\/filologia.us.es\/index.php?rest_route=%2Fwp%2Fv2%2Fmedia&parent=156"}],"curies":[{"name":"wp","href":"https:\/\/api.w.org\/{rel}","templated":true}]}}