{"id":154,"date":"2016-02-23T10:11:05","date_gmt":"2016-02-23T10:11:05","guid":{"rendered":"http:\/\/filologia.us.es\/?page_id=154"},"modified":"2026-03-24T06:58:29","modified_gmt":"2026-03-24T05:58:29","slug":"practicas-externas","status":"publish","type":"page","link":"https:\/\/filologia.us.es\/?page_id=154","title":{"rendered":"En qu\u00e9 consisten las Pr\u00e1cticas"},"content":{"rendered":"<h3>Pr\u00e1cticas Externas<\/h3>\n<p style=\"text-align: justify;\">Las pr\u00e1cticas externas de formaci\u00f3n acad\u00e9mica (<strong>curriculares<\/strong>) est\u00e1n dirigidas a los estudiantes y son gestionadas por los Centros universitarios. Forman parte del plan de estudios de cada titulaci\u00f3n (como asignatura <em>Pr\u00e1ctico<\/em>) y en nuestros <strong>Grados<\/strong> tienen un\u00a0valor de <strong>6 cr\u00e9ditos<\/strong> de car\u00e1cter obligatorio y una duraci\u00f3n de <strong>150 horas<\/strong>. En los Grados ofrecidos por la Facultad de Filolog\u00eda de la Universidad de Sevilla, estas pr\u00e1cticas externas pueden llevarse a cabo en tercer o cuarto curso, una vez que el estudiante haya superado el 50% de los cr\u00e9ditos de su titulaci\u00f3n. A cada estudiante matriculado en la asignatura de pr\u00e1cticas externas se le asignar\u00e1 un tutor acad\u00e9mico, que pertenece a la Universidad, y un tutor profesional, por parte de la empresa\/instituci\u00f3n.<\/p>\n<p style=\"text-align: justify;\">Dos t\u00edtulos de <strong>M\u00e1ster<\/strong> de nuestro Centro ofrecen pr\u00e1cticas curriculares optativas a nuestros estudiantes. Se trata del <a href=\"http:\/\/filologia.us.es\/master-universitario\/masele-ensenanza-del-espanol-lengua-extranjera\/\">M\u00e1ster Universitario en Ense\u00f1anza del Espa\u00f1ol como Lengua Extranjera y otras Lenguas Modernas o MasELE<\/a> (con valor de 8 cr\u00e9ditos) y del <a href=\"http:\/\/filologia.us.es\/master-universitario\/muenti\/\">M\u00e1ster Universitario en Traducci\u00f3n e Interculturalidad o MUenTI<\/a> (con valor de 4 cr\u00e9ditos).<\/p>\n<p>Cualquier consulta puede trasladarse a la direcci\u00f3n de correo electr\u00f3nico <a href=\"mailto:practicasfilologia@us.es\">practicasfilologia@us.es<\/a>, desde el que estaremos atendiendo telem\u00e1ticamente.<\/p>\n","protected":false},"excerpt":{"rendered":"<p>Pr\u00e1cticas Externas Las pr\u00e1cticas externas de formaci\u00f3n acad\u00e9mica (curriculares) est\u00e1n dirigidas a los estudiantes y son gestionadas por los Centros universitarios. Forman parte del plan de estudios de cada titulaci\u00f3n (como asignatura Pr\u00e1ctico) y en nuestros Grados tienen un\u00a0valor de 6 cr\u00e9ditos de car\u00e1cter obligatorio y una duraci\u00f3n de 150 horas. En los Grados ofrecidos &hellip; <a href=\"https:\/\/filologia.us.es\/?page_id=154\" class=\"more-link\">Continue reading <span class=\"screen-reader-text\">En qu\u00e9 consisten las Pr\u00e1cticas<\/span> <span class=\"meta-nav\">&raquo;<\/span><\/a><\/p>\n","protected":false},"author":1,"featured_media":1677,"parent":0,"menu_order":156,"comment_status":"closed","ping_status":"closed","template":"","meta":{"_acf_changed":false,"footnotes":""},"acf":[],"_links":{"self":[{"href":"https:\/\/filologia.us.es\/index.php?rest_route=\/wp\/v2\/pages\/154"}],"collection":[{"href":"https:\/\/filologia.us.es\/index.php?rest_route=\/wp\/v2\/pages"}],"about":[{"href":"https:\/\/filologia.us.es\/index.php?rest_route=\/wp\/v2\/types\/page"}],"author":[{"embeddable":true,"href":"https:\/\/filologia.us.es\/index.php?rest_route=\/wp\/v2\/users\/1"}],"replies":[{"embeddable":true,"href":"https:\/\/filologia.us.es\/index.php?rest_route=%2Fwp%2Fv2%2Fcomments&post=154"}],"version-history":[{"count":3,"href":"https:\/\/filologia.us.es\/index.php?rest_route=\/wp\/v2\/pages\/154\/revisions"}],"predecessor-version":[{"id":23824,"href":"https:\/\/filologia.us.es\/index.php?rest_route=\/wp\/v2\/pages\/154\/revisions\/23824"}],"wp:featuredmedia":[{"embeddable":true,"href":"https:\/\/filologia.us.es\/index.php?rest_route=\/wp\/v2\/media\/1677"}],"wp:attachment":[{"href":"https:\/\/filologia.us.es\/index.php?rest_route=%2Fwp%2Fv2%2Fmedia&parent=154"}],"curies":[{"name":"wp","href":"https:\/\/api.w.org\/{rel}","templated":true}]}}