{"id":136,"date":"2016-02-23T10:09:04","date_gmt":"2016-02-23T10:09:04","guid":{"rendered":"http:\/\/filologia.us.es\/?page_id=136"},"modified":"2026-04-15T06:47:35","modified_gmt":"2026-04-15T04:47:35","slug":"programas-proyectos-asignaturas","status":"publish","type":"page","link":"https:\/\/filologia.us.es\/?page_id=136","title":{"rendered":"De qu\u00e9 tratan las materias"},"content":{"rendered":"<h3 style=\"text-align: justify;\"><\/h3>\n<h3 style=\"text-align: justify;\">Programas y proyectos de las asignaturas<\/h3>\n<p style=\"text-align: justify;\">El programa de una asignatura establece su contenido de forma que es de obligado cumplimiento y\/o impartici\u00f3n en todos los grupos en los que exista desdoble.\u00a0 De darse la circunstancia de haber m\u00e1s de un profesor en la asignatura, estos podr\u00e1n desarrollar un proyecto independiente al amparo del programa aprobado por el Departamento, siempre y cuando se garanticen las bases de conocimiento y desarrollo acad\u00e9micos de los estudios.\u00a0 De tal modo es as\u00ed, que dos estudiantes que hayan estudiado en grupos distintos, con profesores distintos y con proyectos distintos a\u00fan podr\u00e1n responder de igual manera a una situaci\u00f3n inspirada en el programa de la asignatura. En tal circunstancia, uno de los profesores actuar\u00e1 de coordinador del programa de la asignatura.<\/p>\n<p style=\"text-align: justify;\">Despliega el enlace\u00a0que te interese y tendr\u00e1s acceso a los programas y proyectos de las asignaturas de tu grado o m\u00e1ster:<\/p>\n","protected":false},"excerpt":{"rendered":"<p>Programas y proyectos de las asignaturas El programa de una asignatura establece su contenido de forma que es de obligado cumplimiento y\/o impartici\u00f3n en todos los grupos en los que exista desdoble.\u00a0 De darse la circunstancia de haber m\u00e1s de un profesor en la asignatura, estos podr\u00e1n desarrollar un proyecto independiente al amparo del programa &hellip; <a href=\"https:\/\/filologia.us.es\/?page_id=136\" class=\"more-link\">Continue reading <span class=\"screen-reader-text\">De qu\u00e9 tratan las materias<\/span> <span class=\"meta-nav\">&raquo;<\/span><\/a><\/p>\n","protected":false},"author":1,"featured_media":1677,"parent":0,"menu_order":158,"comment_status":"closed","ping_status":"closed","template":"","meta":{"_acf_changed":false,"footnotes":""},"acf":[],"_links":{"self":[{"href":"https:\/\/filologia.us.es\/index.php?rest_route=\/wp\/v2\/pages\/136"}],"collection":[{"href":"https:\/\/filologia.us.es\/index.php?rest_route=\/wp\/v2\/pages"}],"about":[{"href":"https:\/\/filologia.us.es\/index.php?rest_route=\/wp\/v2\/types\/page"}],"author":[{"embeddable":true,"href":"https:\/\/filologia.us.es\/index.php?rest_route=\/wp\/v2\/users\/1"}],"replies":[{"embeddable":true,"href":"https:\/\/filologia.us.es\/index.php?rest_route=%2Fwp%2Fv2%2Fcomments&post=136"}],"version-history":[{"count":3,"href":"https:\/\/filologia.us.es\/index.php?rest_route=\/wp\/v2\/pages\/136\/revisions"}],"predecessor-version":[{"id":23865,"href":"https:\/\/filologia.us.es\/index.php?rest_route=\/wp\/v2\/pages\/136\/revisions\/23865"}],"wp:featuredmedia":[{"embeddable":true,"href":"https:\/\/filologia.us.es\/index.php?rest_route=\/wp\/v2\/media\/1677"}],"wp:attachment":[{"href":"https:\/\/filologia.us.es\/index.php?rest_route=%2Fwp%2Fv2%2Fmedia&parent=136"}],"curies":[{"name":"wp","href":"https:\/\/api.w.org\/{rel}","templated":true}]}}

De qué tratan las materias

<h3 style="text-align: justify;"></h3>
<h3 style="text-align: justify;">Programas y proyectos de las asignaturas</h3>
<p style="text-align: justify;">El programa de una asignatura establece su contenido de forma que es de obligado cumplimiento y/o impartición en todos los grupos en los que exista desdoble.  De darse la circunstancia de haber más de un profesor en la asignatura, estos podrán desarrollar un proyecto independiente al amparo del programa aprobado por el Departamento, siempre y cuando se garanticen las bases de conocimiento y desarrollo académicos de los estudios.  De tal modo es así, que dos estudiantes que hayan estudiado en grupos distintos, con profesores distintos y con proyectos distintos aún podrán responder de igual manera a una situación inspirada en el programa de la asignatura. En tal circunstancia, uno de los profesores actuará de coordinador del programa de la asignatura.</p>
<p style="text-align: justify;">Despliega el enlace que te interese y tendrás acceso a los programas y proyectos de las asignaturas de tu grado o máster:</p>

<p>Programas y proyectos de las asignaturas El programa de una asignatura establece su contenido de forma que es de obligado cumplimiento y/o impartición en todos los grupos en los que exista desdoble.  De darse la circunstancia de haber más de un profesor en la asignatura, estos podrán desarrollar un proyecto independiente al amparo del programa &hellip; <a href="https://filologia.us.es/?page_id=136" class="more-link">Continue reading <span class="screen-reader-text">De qué tratan las materias</span> <span class="meta-nav">&raquo;</span></a></p>
