{"id":10883,"date":"2018-11-09T14:16:18","date_gmt":"2018-11-09T13:16:18","guid":{"rendered":"http:\/\/filologia.us.es\/?page_id=10883"},"modified":"2026-01-22T11:55:55","modified_gmt":"2026-01-22T10:55:55","slug":"centro-apla","status":"publish","type":"page","link":"https:\/\/filologia.us.es\/?page_id=10883","title":{"rendered":"Centro APLA (Aprendizaje Ling\u00fc\u00edstico Aut\u00f3nomo)"},"content":{"rendered":"<h4 style=\"text-align: left;\"><strong><img loading=\"lazy\" decoding=\"async\" class=\"wp-image-12298 alignleft\" src=\"http:\/\/filologia.us.es\/wp-content\/uploads\/2019\/04\/LOGO-APLA-Def.png\" alt=\"\" width=\"183\" height=\"225\" srcset=\"https:\/\/filologia.us.es\/wp-content\/uploads\/2019\/04\/LOGO-APLA-Def.png 1450w, https:\/\/filologia.us.es\/wp-content\/uploads\/2019\/04\/LOGO-APLA-Def-768x946.png 768w, https:\/\/filologia.us.es\/wp-content\/uploads\/2019\/04\/LOGO-APLA-Def-600x739.png 600w, https:\/\/filologia.us.es\/wp-content\/uploads\/2019\/04\/LOGO-APLA-Def-685x844.png 685w, https:\/\/filologia.us.es\/wp-content\/uploads\/2019\/04\/LOGO-APLA-Def-1024x1262.png 1024w\" sizes=\"(max-width: 183px) 100vw, 183px\" \/><\/strong><\/h4>\r\n<p>&nbsp;<\/p>\r\n<h6 style=\"text-align: left;\">APLA es un servicio de la Facultad de Filolog\u00eda para el fomento de la autonom\u00eda del estudiante y del docente en el proceso de aprendizaje y ense\u00f1anza de L2. Fomenta la autonom\u00eda en el estudio de las segundas lenguas guiando a los estudiantes a:<\/h6>\r\n<ul>\r\n<li>tomar decisiones sobre lo que se desea aprender y c\u00f3mo se desea aprender.<\/li>\r\n<li>llevar a cabo un aprendizaje personalizado en funci\u00f3n de la motivaci\u00f3n e intereses personales.<\/li>\r\n<li>desarrollar el aprendizaje en un ambiente interactivo y reflexivo.<\/li>\r\n<li>efectuar una evaluaci\u00f3n del aprendizaje personal.<\/li>\r\n<li>desarrollar un pensamiento cr\u00edtico.<\/li>\r\n<\/ul>\r\n<p><span style=\"color: #993366;\"><strong><em>El centro APLA: Directoras Bettina Kaminski y Marta L\u00f3pez Hald\u00f3n<\/em><\/strong><\/span><\/p>\r\n<ol>\r\n<li>Gestiona la actividad <a href=\"http:\/\/filologia.us.es\/estudiantes\/centro-apla\/tandem\/\">T\u00e1ndem<\/a> (aprendizaje aut\u00f3nomo de L2 en pareja. Actividad reconocida con 2 cr\u00e9ditos ECTS).<\/li>\r\n<\/ol>\r\n<ul>\r\n<li>Trabajo con pareja nativa de tu L2 durante un cuatrimestre<\/li>\r\n<li>Supervisi\u00f3n y gu\u00eda por el centro APLA<\/li>\r\n<li>2 cr\u00e9ditos ECTS<\/li>\r\n<li><span style=\"font-size: inherit;\">Pares de lenguas: Espa\u00f1ol + Alem\u00e1n \/ \u00c1rabe \/ Chino \/ Franc\u00e9s \/ Ingl\u00e9s \/ Italiano \/ Neerland\u00e9s \/ Portugu\u00e9s \/ Rumano<\/span><\/li>\r\n<li>Conferencias de formaci\u00f3n para alumnos y profesorado\r\n<ul>\r\n<li style=\"list-style-type: none;\">\u00a0<\/li>\r\n<\/ul>\r\n<\/li>\r\n<\/ul>\r\n<p>\u00a0 2. Ofrece <a href=\"http:\/\/filologia.us.es\/estudiantes\/centro-apla\/asesoramiento-linguistico-del-centro-apla\/\">Asesoramiento ling\u00fc\u00edstico y coaching<\/a>.<\/p>\r\n<p>3. Ofrece tutor\u00edas para resolver dudas ling\u00fc\u00edsticas.<\/p>\r\n<p>4. Realiza actividades tales como <a href=\"http:\/\/filologia.us.es\/estudiantes\/centro-apla\/actividades\/\">Talleres, conferencias y webinars<\/a>\u00a0sobre:<\/p>\r\n<ul>\r\n<li style=\"list-style-type: none;\">\r\n<ul>\r\n<li>Autonom\u00eda en la ense\u00f1anza y el aprendizaje de L2, asesoramiento ling\u00fc\u00edstico y coaching<\/li>\r\n<li>Preparaci\u00f3n Ling\u00fc\u00edstico-cultural para estancias internacionales<\/li>\r\n<li>Programa de estudiantes mentores\u00a0 \u00a0<\/li>\r\n<\/ul>\r\n<\/li>\r\n<\/ul>\r\n<p>\u00a0 \u00a0 5. Programa talleres de conversaci\u00f3n<\/p>\r\n<p>\u00a0 \u00a0 6. Promueve la investigaci\u00f3n en el \u00e1mbito del aprendizaje aut\u00f3nomo<\/p>\r\n<hr \/>\r\n<p>\u00bfEN QU\u00c9 PODEMOS AYUDARTE?<\/p>\r\n<ul>\r\n<li>Si quieres aprender una nueva lengua y no sabes por d\u00f3nde empezar.<\/li>\r\n<li>Si quieres informarte sobre c\u00f3mo y d\u00f3nde sacarte el certificado de una <br \/>lengua extranjera.<\/li>\r\n<li>Si est\u00e1s estudiando una L2 y tienes alguna duda concreta en la materia.<\/li>\r\n<li>Si tiene un bloqueo mental estudiando una L2 y no sabes c\u00f3mo continuar.<\/li>\r\n<li>Si quieres trabajar alg\u00fan aspecto de la L2 y no sabes d\u00f3nde encontrar <br \/>actividades para practicar.<\/li>\r\n<\/ul>\r\n<hr \/><hr \/>\r\n<p><strong>APLA <\/strong>es una iniciativa sin \u00e1nimo de lucro de un grupo de profesores y profesoras de la Facultad de Filolog\u00eda de la Universidad de Sevilla, con la que colaboran estudiantes mentores y becarios Erasmus+ Traineeship.<\/p>\r\n<ul>\r\n<li>Es un centro que depende de los<strong> Vicedecanatos de RR.II. y Pol\u00edtica Ling\u00fc\u00edstica, Estudiantes, y Ordenaci\u00f3n Acad\u00e9mica <\/strong>de la Facultad de Filolog\u00eda de la Universidad de Sevilla.<\/li>\r\n<li>La financiaci\u00f3n proviene de un Proyecto de Innovaci\u00f3n Docente aprobado dentro del III Plan Propio de Docencia de la US.<\/li>\r\n<\/ul>\r\n<p><strong>Contacta con nosotros en: <\/strong><strong>\u00a0<a href=\"mailto:tandem@us.es\">tandem@us.es<\/a><\/strong><\/p>\r\n\r\n<p>&nbsp;<\/p>\r\n","protected":false},"excerpt":{"rendered":"<p>&nbsp; APLA es un servicio de la Facultad de Filolog\u00eda para el fomento de la autonom\u00eda del estudiante y del docente en el proceso de aprendizaje y ense\u00f1anza de L2. Fomenta la autonom\u00eda en el estudio de las segundas lenguas guiando a los estudiantes a: tomar decisiones sobre lo que se desea aprender y c\u00f3mo &hellip; <a href=\"https:\/\/filologia.us.es\/?page_id=10883\" class=\"more-link\">Continue reading <span class=\"screen-reader-text\">Centro APLA (Aprendizaje Ling\u00fc\u00edstico Aut\u00f3nomo)<\/span> <span class=\"meta-nav\">&raquo;<\/span><\/a><\/p>\n","protected":false},"author":10,"featured_media":0,"parent":0,"menu_order":4,"comment_status":"closed","ping_status":"closed","template":"","meta":{"_acf_changed":false,"footnotes":""},"acf":[],"_links":{"self":[{"href":"https:\/\/filologia.us.es\/index.php?rest_route=\/wp\/v2\/pages\/10883"}],"collection":[{"href":"https:\/\/filologia.us.es\/index.php?rest_route=\/wp\/v2\/pages"}],"about":[{"href":"https:\/\/filologia.us.es\/index.php?rest_route=\/wp\/v2\/types\/page"}],"author":[{"embeddable":true,"href":"https:\/\/filologia.us.es\/index.php?rest_route=\/wp\/v2\/users\/10"}],"replies":[{"embeddable":true,"href":"https:\/\/filologia.us.es\/index.php?rest_route=%2Fwp%2Fv2%2Fcomments&post=10883"}],"version-history":[{"count":2,"href":"https:\/\/filologia.us.es\/index.php?rest_route=\/wp\/v2\/pages\/10883\/revisions"}],"predecessor-version":[{"id":23441,"href":"https:\/\/filologia.us.es\/index.php?rest_route=\/wp\/v2\/pages\/10883\/revisions\/23441"}],"wp:attachment":[{"href":"https:\/\/filologia.us.es\/index.php?rest_route=%2Fwp%2Fv2%2Fmedia&parent=10883"}],"curies":[{"name":"wp","href":"https:\/\/api.w.org\/{rel}","templated":true}]}}