{"id":104,"date":"2016-02-23T10:03:18","date_gmt":"2016-02-23T10:03:18","guid":{"rendered":"http:\/\/filologia.us.es\/?page_id=104"},"modified":"2016-11-01T18:20:00","modified_gmt":"2016-11-01T18:20:00","slug":"oferta-academica","status":"publish","type":"page","link":"https:\/\/filologia.us.es\/?page_id=104","title":{"rendered":"Oferta acad\u00e9mica"},"content":{"rendered":"<p style=\"text-align: justify;\">La Facultad de Filolog\u00eda de la Universidad de Sevilla presenta la oferta m\u00e1s amplia y variada de los estudios de Humanidades.<\/p>\n<p style=\"text-align: justify;\">Seis t\u00edtulos de Grado exentos, cuatro t\u00edtulos de Grado con menci\u00f3n en lengua italiana y estudios italianos, tres t\u00edtulos de Doble Grado, dos de ellos con Educaci\u00f3n Primaria, cuatro t\u00edtulos de M\u00e1ster exentos, dos t\u00edtulos de M\u00e1ster de Doble Titulaci\u00f3n con MAES, cinco convenios de M\u00e1ster de Doble Titulaci\u00f3n Internacional y un Curso de Doctorado conforman una oferta con decidida vocaci\u00f3n filol\u00f3gica a la par que profesionalizante e internacional.<\/p>\n<p style=\"text-align: justify;\">Es muy conveniente consultar la <strong>hoja informativa<\/strong>\u00a0de matr\u00edcula de\u00a0<a href=\"http:\/\/cat.us.es\/seccion\/durante-los-estudios\/automatricula\/hoja-informativa-planes-estudio-asignaturas-para-matricula-de-grado\/artes-y\" target=\"_blank\">Grado<\/a>\u00a0y de <a href=\"http:\/\/cat.us.es\/seccion\/durante-los-estudios\/automatricula\/hoja-informativa-planes-estudio-asignaturas-para-matricula-de-master\/artes-y\" target=\"_blank\">M\u00e1ster<\/a>, y las caracter\u00edsticas de la matr\u00edcula de los estudios de <a href=\"http:\/\/cat.us.es\/seccion\/durante-los-estudios\/automatricula-doctorado\" target=\"_blank\">Doctorado<\/a> para conocer, entre otros aspectos, las posibilidades de elecci\u00f3n de asignaturas en el momento de la matr\u00edcula.<\/p>\n","protected":false},"excerpt":{"rendered":"<p>La Facultad de Filolog\u00eda de la Universidad de Sevilla presenta la oferta m\u00e1s amplia y variada de los estudios de Humanidades. Seis t\u00edtulos de Grado exentos, cuatro t\u00edtulos de Grado con menci\u00f3n en lengua italiana y estudios italianos, tres t\u00edtulos de Doble Grado, dos de ellos con Educaci\u00f3n Primaria, cuatro t\u00edtulos de M\u00e1ster exentos, dos &hellip; <a href=\"https:\/\/filologia.us.es\/?page_id=104\" class=\"more-link\">Continue reading <span class=\"screen-reader-text\">Oferta acad\u00e9mica<\/span> <span class=\"meta-nav\">&raquo;<\/span><\/a><\/p>\n","protected":false},"author":1,"featured_media":1681,"parent":0,"menu_order":154,"comment_status":"closed","ping_status":"closed","template":"","meta":{"_acf_changed":false,"footnotes":""},"acf":[],"_links":{"self":[{"href":"https:\/\/filologia.us.es\/index.php?rest_route=\/wp\/v2\/pages\/104"}],"collection":[{"href":"https:\/\/filologia.us.es\/index.php?rest_route=\/wp\/v2\/pages"}],"about":[{"href":"https:\/\/filologia.us.es\/index.php?rest_route=\/wp\/v2\/types\/page"}],"author":[{"embeddable":true,"href":"https:\/\/filologia.us.es\/index.php?rest_route=\/wp\/v2\/users\/1"}],"replies":[{"embeddable":true,"href":"https:\/\/filologia.us.es\/index.php?rest_route=%2Fwp%2Fv2%2Fcomments&post=104"}],"version-history":[{"count":0,"href":"https:\/\/filologia.us.es\/index.php?rest_route=\/wp\/v2\/pages\/104\/revisions"}],"wp:featuredmedia":[{"embeddable":true,"href":"https:\/\/filologia.us.es\/index.php?rest_route=\/wp\/v2\/media\/1681"}],"wp:attachment":[{"href":"https:\/\/filologia.us.es\/index.php?rest_route=%2Fwp%2Fv2%2Fmedia&parent=104"}],"curies":[{"name":"wp","href":"https:\/\/api.w.org\/{rel}","templated":true}]}}